?
False
Does 354 divide 88854?
True
Does 100 divide 153600?
True
Is 81 a factor of 294840?
True
Does 179 divide 111338?
True
Does 203 divide 4199036?
False
Is 9126 a multiple of 2?
True
Does 13 divide 2954641?
False
Does 19 divide 22630621?
False
Is 169820 a multiple of 7?
True
Is 524874 a multiple of 2?
True
Is 26 a factor of 20911?
False
Does 7 divide 162260?
True
Is 32 a factor of 44000?
True
Is 17 a factor of 7974496?
True
Is 530 a factor of 1385140?
False
Does 11 divide 1563227?
False
Is 247500 a multiple of 20?
True
Is 6344352 a multiple of 108?
True
Is 831738 a multiple of 6?
True
Is 14 a factor of 112108?
False
Is 969420 a multiple of 60?
True
Does 7 divide 2699117?
False
Is 25976 a multiple of 34?
True
Is 115 a factor of 221150?
False
Is 27458 a multiple of 6?
False
Is 21 a factor of 30597?
True
Is 12 a factor of 78804?
True
Does 12 divide 429660?
True
Does 335 divide 394212?
False
Is 335036 a multiple of 379?
True
Is 14 a factor of 1220114?
True
Is 2134550 a multiple of 10?
True
Does 51 divide 789174?
True
Is 708127 a multiple of 7?
True
Is 1193248 a multiple of 56?
True
Is 1303728 a multiple of 1038?
True
Is 308420 a multiple of 14?
True
Is 520128 a multiple of 189?
True
Is 24 a factor of 1550496?
True
Is 311 a factor of 241958?
True
Does 111 divide 2779218?
True
Is 20620291 a multiple of 100?
False
Is 32298 a multiple of 240?
False
Is 5790 a multiple of 5?
True
Is 52 a factor of 648544?
True
Is 3570102 a multiple of 23?
False
Does 134 divide 339556?
True
Is 3 a factor of 72772?
False
Is 34 a factor of 589900?
True
Does 263 divide 128344?
True
Is 584395 a multiple of 386?
False
Is 1044 a factor of 2774952?
True
Is 306 a factor of 173512?
False
Does 67 divide 5746285?
False
Is 4545723 a multiple of 455?
False
Does 254 divide 2126488?
True
Is 38 a factor of 277286?
True
Is 32 a factor of 331392?
True
Is 510816 a multiple of 6?
True
Is 529429 a multiple of 112?
False
Does 12 divide 2299500?
True
Does 181 divide 83718?
False
Does 45 divide 82104?
False
Is 651054 a multiple of 74?
False
Is 115 a factor of 1688775?
True
Is 6 a factor of 123872?
False
Is 564 a factor of 1852853?
False
Is 9769323 a multiple of 1060?
False
Is 8 a factor of 574971?
False
Does 4 divide 166759?
False
Is 840142 a multiple of 15?
False
Is 11 a factor of 22327?
False
Does 69 divide 1810836?
True
Is 238 a factor of 588577?
False
Is 12 a factor of 403041?
False
Is 453 a multiple of 7?
False
Is 934678 a multiple of 187?
False
Is 5861902 a multiple of 258?
False
Does 335 divide 2102405?
False
Is 15839628 a multiple of 84?
True
Is 186749 a multiple of 6?
False
Is 47776 a multiple of 2?
True
Is 36465 a multiple of 195?
True
Does 28 divide 104531?
False
Is 10 a factor of 5536980?
True
Is 5 a factor of 848276?
False
Is 106 a factor of 1456029?
False
Does 59 divide 49265?
True
Is 113280 a multiple of 160?
True
Is 6201367 a multiple of 84?
False
Does 22 divide 10703?
False
Is 23821 a multiple of 4?
False
Is 17637 a multiple of 53?
False
Does 260 divide 398060?
True
Is 97350 a multiple of 75?
True
Is 70 a factor of 237860?
True
Is 30 a factor of 22350?
True
Is 47 a factor of 585740?
False
Is 1348857 a multiple of 63?
False
Does 159 divide 1925106?
False
Is 203745 a multiple of 31?
False
Is 5416096 a multiple of 7?
True
Is 2509708 a multiple of 31?
False
Is 9 a factor of 95355?
True
Is 46 a factor of 95927?
False
Does 17 divide 522529?
True
Does 102 divide 4668540?
True
Is 1222844 a multiple of 833?
True
Is 138837 a multiple of 172?
False
Is 514 a factor of 268822?
True
Does 16 divide 62434?
False
Does 19 divide 5107542?
True
Does 72 divide 2158053?
False
Is 176 a factor of 2726064?
True
Is 606 a factor of 881374?
False
Does 806 divide 981189?
False
Is 42 a factor of 174888?
True
Does 18 divide 2181330?
True
Is 716 a factor of 1894505?
False
Is 5302 a multiple of 12?
False
Does 303 divide 3992025?
True
Does 119 divide 124236?
True
Is 148419 a multiple of 3?
True
Is 737578 a multiple of 20?
False
Is 1258554 a multiple of 22?
True
Is 87656 a multiple of 188?
False
Does 21 divide 2222478?
False
Is 628 a factor of 732237?
False
Is 253 a factor of 25863684?
True
Is 5710673 a multiple of 90?
False
Is 3 a factor of 86730?
True
Does 9 divide 390550?
False
Is 52 a factor of 276983?
False
Does 33 divide 249368?
False
Is 11 a factor of 558513?
False
Is 640068 a multiple of 132?
True
Is 428 a factor of 317576?
True
Does 248 divide 10406576?
True
Does 13 divide 7626287?
False
Is 249 a factor of 2460340?
False
Is 98 a factor of 30041?
False
Is 362913 a multiple of 17?
False
Is 4231360 a multiple of 16?
True
Is 23 a factor of 4659376?
False
Is 7 a factor of 145159?
True
Is 14216 a multiple of 5?
False
Is 56 a factor of 363842?
False
Is 373446 a multiple of 6?
True
Is 458759 a multiple of 16?
False
Is 68 a factor of 59772?
True
Does 173 divide 7519044?
False
Is 51 a factor of 1277091?
True
Does 688 divide 441881?
False
Is 1145628 a multiple of 9?
True
Is 50 a factor of 117722?
False
Does 28 divide 6055560?
True
Is 1315440 a multiple of 63?
True
Does 13 divide 252262?
False
Does 52 divide 10334740?
True
Does 64 divide 88227?
False
Is 300 a factor of 75052?
False
Is 123 a multiple of 123?
True
Does 329 divide 11121516?
True
Does 9 divide 8076789?
True
Does 5 divide 516376?
False
Is 129668 a multiple of 11?
True
Is 54417 a multiple of 33?
True
Does 25 divide 242175?
True
Is 26 a factor of 466050?
True
Does 99 divide 1299177?
True
Is 5376420 a multiple of 12?
True
Does 933 divide 2167359?
True
Is 325067 a multiple of 15?
False
Does 43 divide 3468449?
False
Does 983 divide 4101401?
False
Does 8 divide 1526365?
False
Is 1092954 a multiple of 895?
False
Is 4814110 a multiple of 3?
False
Is 4 a factor of 907400?
True
Is 28332931 a multiple of 17?
True
Is 108 a factor of 3569400?
True
Is 20036 a multiple of 2?
True
Is 26 a factor of 901517?
False
Is 21 a factor of 308252?
False
Is 45909 a multiple of 3?
True
Does 3 divide 26773?
False
Is 10 a factor of 3842?
False
Is 8 a factor of 45031?
False
Does 32 divide 652543?
False
Does 10 divide 406701?
False
Is 11 a factor of 389884?
True
Is 34 a factor of 3973643?
False
Is 75525 a multiple of 265?
True
Does 14 divide 4198585?
False
Does 536 divide 320104?
False
Does 1792 divide 23365888?
True
Is 722190 a multiple of 120?
False
Is 35064 a multiple of 8?
True
Is 823 a factor of 506968?
True
Is 11 a factor of 120838?
False
Does 38 divide 985436?
False
Is 172499 a multiple of 17?
True
Does 4 divide 3311677?
False
Is 77 a factor of 875878?
False
Does 66 divide 117090?
False
Does 63 divide 313740?
True
Is 2 a factor of 4272160?
True
Is 207500 a multiple of 83?
True
Is 3 a factor of 1927002?
True
Is 14 a factor of 15683794?
True
Does 19 divide 526186?
True
Does 175 divide 4360650?
True
Is 171198 a multiple of 17?
False
Is 2982528 a multiple of 27?
True
Does 45 divide 580815?
True
Does 24 divide 871992?
True
Does 412 divide 3961090?
False
Does 85 divide 625175?
True
Is 140389 a multiple of 9?
False
Is 390993 a multiple of 47?
True
Is 1320218 a multiple of 47?
False
Does 109 divide 376156?
False
Does 24 divide 1631?
False
Is 24391704 a multiple of 1464?
True
Does 116 divide 107184?
True
Is 686412 a multiple of 414?
True
Does 4 divide 1048504?
True
Is 1127370 a multiple of 79?
False
Is 16 a factor of 369936?
True
Is 85 a factor of 1980299?
False
Is 29 a factor of 87493?
True
Is 456 a factor of 182400?
True
Is 2916 a multiple of 27?
True
Is 24 a factor of 133800?
True
Is 49 a factor of 1053696?
True
Is 1447688 a multiple of 81?
False
Is 42580 a multiple of 10?
True
Is 184760 a multiple of 5?
True
Is 5 a factor of 15361?
False
Is 51 a factor of 1151896?
False
Does 18 divide 26208?
True
Does 25 divide 306100?
True
Is 2060910 a multiple of 102?
True
Does 98 divide 1558670?
False
Does 254 divide 137922?
True
Is 18324220 a multiple of 590?
True
Is 2465091 a multiple of 9?
True
Does 37 divide 325267?
True
Does 222 divide 1837716?
True
Is 5472390 a multiple of 55?
True
Is 347 a factor of 536462?
True
Is 722 a factor of 224542?
True
Does 13 divide 141817?
True
Does 12 divide 15758103?
False
Is 15 a factor of 12194?
False
Does 7 divide 427421?
False
Is 3856704 a multiple of 192?
True
Is 49975 a multiple of 18?
False
Is 786981 a multiple of 17?
True
Is 149 a factor of 4440